{"id":17,"date":"2020-11-22T19:16:38","date_gmt":"2020-11-22T19:16:38","guid":{"rendered":"https:\/\/blickfangbeautybysa.live-website.com\/?page_id=17"},"modified":"2026-02-24T18:10:57","modified_gmt":"2026-02-24T18:10:57","slug":"ueber-mich","status":"publish","type":"page","link":"https:\/\/beauty-blickfang.de\/?page_id=17","title":{"rendered":"ueber-mich"},"content":{"rendered":"<p><img fetchpriority=\"high\" decoding=\"async\" width=\"960\" height=\"485\" src=\"https:\/\/beauty-blickfang.de\/wp-content\/uploads\/2021\/11\/summer-2048x1035.jpg\" alt=\"\" srcset=\"https:\/\/beauty-blickfang.de\/wp-content\/uploads\/2021\/11\/summer-2048x1035.jpg 2048w, https:\/\/beauty-blickfang.de\/wp-content\/uploads\/2021\/11\/summer-300x152.jpg 300w, https:\/\/beauty-blickfang.de\/wp-content\/uploads\/2021\/11\/summer-1024x517.jpg 1024w, https:\/\/beauty-blickfang.de\/wp-content\/uploads\/2021\/11\/summer-768x388.jpg 768w, https:\/\/beauty-blickfang.de\/wp-content\/uploads\/2021\/11\/summer-1536x776.jpg 1536w\" sizes=\"(max-width: 960px) 100vw, 960px\" \/><br \/>\n\t\t\t\t\t<img decoding=\"async\" src=\"https:\/\/beauty-blickfang.de\/wp-content\/uploads\/2024\/02\/IMG_20231229_170827_489-1-768x768.jpg\" alt=\"Saskia Fanz\"><\/p>\n<h3>Saskia Fanz<\/h3>\n<p>\t\t\t\t\t\t\tInhaberin<br \/>\n\t\t\t\t\t\t\t35 Jahre &#8211;<br \/>\nGanzheitskosmetikerin &#8211; zertifizierte Wimpernstylistin<\/p>\n<p>Ich bin <strong>Saskia<\/strong>, 36 Jahre alt, Mama von\u00a0 zwei wunderbaren Jungs und seit September 2020 selbstst\u00e4ndig als Kosmetikerin.<\/p>\n<p>2011 habe ich eine 2-j\u00e4hrige Ausbildung zur\u00a0<strong>Ganzheitskosmetikerin<\/strong>\u00a0an der privaten Berufsfachschule Frantz abgeschlossen.<\/p>\n<p>Seit August 2020 bin ich zertifizierte\u00a0<strong>Wimpernstylistin.<\/strong>\u00a0Die Schulung habe ich bei Miss Lashes absolviert. Hinzu kamen 2021 Schulungen f\u00fcr\u00a0<strong>Lash Lifting<\/strong>\u00a0und\u00a0<strong>Brow<\/strong>\u00a0<strong>Lifting<\/strong>, sowie 2022 eine Wimpern\u00a0<strong>UV Schulung<\/strong>\u00a0zum Thema\u00a0<strong>Volumentechnik<\/strong>\u00a0und 2024 ein\u00a0<strong>Perfektionstraining<\/strong>.<\/p>\n<p>Mit der eigenen Selbstst\u00e4ndigkeit als Kleinunternehmerin habe ich mir einen gro\u00dfen Wunsch erf\u00fcllt.<\/p>\n<p>Ich arbeite und lebe nach dem Motto:,,<strong>Behandele andere so, wie du selbst behandelt werden m\u00f6chtest!\u00b4\u00b4<\/strong><br \/>Mir ist es wichtig, dass meine\u00a0<strong>Kunden<\/strong>\u00a0sich bei mir im Studio rundum wohl und verstanden f\u00fchlen.<\/p>\n<p>Gerne stehe ich euch zu dem Thema\u00a0<strong>Beauty<\/strong>\u00a0jederzeit zur Verf\u00fcgung!<\/p>\n<p>Erreichen k\u00f6nnt ihr mich \u00fcber mein <strong><a style=\"color: #993366;\" href=\"https:\/\/beauty-blickfang.de\/?page_id=71\">Kontaktformular<\/a> <\/strong>\u00a0oder unter den Kontaktdaten im\u00a0<strong><a style=\"color: #993366;\" href=\"https:\/\/beauty-blickfang.de\/?page_id=128\">Impressum<\/a>.<\/strong><br \/>Gerne k\u00f6nnt ihr mir eure Fragen auch per WhatsApp zusenden: 0178 9222258.<\/p>\n<p>Ich freue mich auf euch.<\/p>\n<p>Eure Sassi<\/p>\n<p>\t\t\t2011<\/p>\n<article data-item-id=\"elementor-repeater-item-999cd92\"><time data-aos=\"fade\" data-aos-left=\"\" data-aos-right=\"\" data-animation-offset=\"150\" data-animation-duration=\"600\">2011Ausbildung zur Ganzheitskosmetikerin<\/time><\/p>\n<p>Was ist eine Ganzheitskosmetikerin?<\/p>\n<p>Die Ganzheitskosmetikerin betrachtet Sch\u00f6nheit und Hautpflege aus einer ganzheitlichen Perspektive, indem sie nicht nur \u00e4u\u00dferliche Behandlungen wie Gesichtsbehandlungen, Massagen und Make-up anbietet, sondern auch innere Faktoren wie Ern\u00e4hrung, Stress und Lebensstil in ihre Beratung einbezieht. Ihr Ziel ist es, das Wohlbefinden und die nat\u00fcrliche Ausstrahlung ihrer Kundinnen und Kunden nachhaltig zu f\u00f6rdern.<\/p>\n<\/article>\n<p>2020<\/p>\n<article data-item-id=\"elementor-repeater-item-48182e2\"><time data-aos=\"fade\" data-aos-left=\"\" data-aos-right=\"\" data-animation-offset=\"150\" data-animation-duration=\"600\">August 2020Weiterbildung zur zertifizierten Wimpernstylistin<\/time><\/p>\n<p>Wimpernlifting<\/p>\n<p>Eyebrowlifting<\/p>\n<p>Wimpern- und Augenbrauenf\u00e4rben inklusive Henna-Brows<\/p>\n<p>Wimpernstyling mit 1:1 Technik<\/p>\n<p>Wimpernstyling mit\u00a0<a href=\"https:\/\/ninon-akademie.de\/schulungen\/wimpern\/wimpernverlaengerung-volumentechnik\/\">Volumentechnik<\/a><\/p>\n<p>Wimpernstyling mit\u00a0<a href=\"https:\/\/ninon-akademie.de\/schulungen\/wimpern\/megavolumen\/\">Megavolumen<\/a><\/p>\n<\/article>\n<p>2021<\/p>\n<article data-item-id=\"elementor-repeater-item-7099f74\"><time data-aos=\"fade\" data-aos-left=\"\" data-aos-right=\"\" data-animation-offset=\"150\" data-animation-duration=\"600\">2021Schulungen Lash Lifting und Brow Lifting<\/time><\/p>\n<ul>\n<li>Grundlagen der Anatomie der Wimpern und Augenbrauen<\/li>\n<li>Wimpern und Augenbrauenwachstum<\/li>\n<li>Aufbau des Haares<\/li>\n<li>Wachstumszyklus der Wimpern und Augenbrauen<\/li>\n<li>Hygienisches Arbeiten<\/li>\n<li>Materialkunde<\/li>\n<\/ul>\n<\/article>\n<p>2022<\/p>\n<article data-item-id=\"elementor-repeater-item-d16f47d\"><time data-aos=\"fade\" data-aos-left=\"\" data-aos-right=\"\" data-animation-offset=\"150\" data-animation-duration=\"600\">2022UV Schulung zum Thema Volumentechnik<\/time><\/p>\n<p>Bei der Wimpernverl\u00e4ngerung mittels Volumentechnik werden nicht einzelne Wimpern an die Naturwimpern geklebt, wie bei der 1:1-Wimperntechnik, sondern gleich ganze Wimpernf\u00e4cher. Diese zarten F\u00e4cher werden zuvor individuell passend zur Kundin aus ultrafeinen Kunstwimpern zusammengestellt und dann jeweils an eine Naturwimper geklebt. Durch diese raffinierte Wimpernverdichtung erh\u00f6ht sich das Wimpernvolumen sehr deutlich und die Wimpern wirken sehr viel dichter und sch\u00f6ner.<\/p>\n<\/article>\n<p>\t\t\t2024<\/p>\n<article data-item-id=\"elementor-repeater-item-999cd92\"><time data-aos=\"fade\" data-aos-left=\"\" data-aos-right=\"\" data-animation-offset=\"150\" data-animation-duration=\"600\">2024Perfektionstraining<\/time><\/p>\n<p>Dieses Training ist speziell darauf ausgelegt, die F\u00e4higkeiten in der Wimpernverl\u00e4ngerung zu perfektionieren und die Techniken zu verbessern.<\/p>\n<\/article>\n","protected":false},"excerpt":{"rendered":"<p>Saskia Fanz Inhaberin 35 Jahre &#8211; Ganzheitskosmetikerin &#8211; zertifizierte Wimpernstylistin Ich bin Saskia, 36 Jahre alt, Mama von\u00a0 zwei wunderbaren Jungs und seit September 2020 selbstst\u00e4ndig als Kosmetikerin. 2011 habe ich eine 2-j\u00e4hrige Ausbildung zur\u00a0Ganzheitskosmetikerin\u00a0an der privaten Berufsfachschule Frantz abgeschlossen. Seit August 2020 bin ich zertifizierte\u00a0Wimpernstylistin.\u00a0Die Schulung habe ich bei Miss Lashes absolviert. Hinzu kamen 2021 Schulungen f\u00fcr\u00a0Lash Lifting\u00a0und\u00a0Brow\u00a0Lifting, sowie 2022 eine Wimpern\u00a0UV Schulung\u00a0zum Thema\u00a0Volumentechnik\u00a0und 2024 ein\u00a0Perfektionstraining. Mit der eigenen Selbstst\u00e4ndigkeit als Kleinunternehmerin habe ich mir einen gro\u00dfen Wunsch erf\u00fcllt. Ich arbeite und lebe nach dem Motto:,,Behandele andere so, wie du selbst behandelt werden m\u00f6chtest!\u00b4\u00b4Mir ist es wichtig, dass meine\u00a0Kunden\u00a0sich bei mir im Studio rundum wohl und verstanden f\u00fchlen. Gerne stehe ich euch zu dem Thema\u00a0Beauty\u00a0jederzeit zur Verf\u00fcgung! Erreichen k\u00f6nnt ihr mich \u00fcber mein Kontaktformular \u00a0oder unter den Kontaktdaten im\u00a0Impressum.Gerne k\u00f6nnt ihr mir eure Fragen auch per WhatsApp zusenden: 0178 9222258. Ich freue mich auf euch. Eure Sassi 2011 2011Ausbildung zur Ganzheitskosmetikerin Was ist eine Ganzheitskosmetikerin? Die Ganzheitskosmetikerin betrachtet Sch\u00f6nheit und Hautpflege aus einer ganzheitlichen Perspektive, indem sie nicht nur \u00e4u\u00dferliche Behandlungen wie Gesichtsbehandlungen, Massagen und Make-up anbietet, sondern auch innere Faktoren wie Ern\u00e4hrung, Stress und Lebensstil in ihre Beratung einbezieht. Ihr Ziel ist es, das Wohlbefinden und die nat\u00fcrliche Ausstrahlung ihrer Kundinnen und Kunden nachhaltig zu f\u00f6rdern. 2020 August 2020Weiterbildung zur zertifizierten Wimpernstylistin Wimpernlifting Eyebrowlifting Wimpern- und Augenbrauenf\u00e4rben inklusive Henna-Brows Wimpernstyling mit 1:1 Technik Wimpernstyling mit\u00a0Volumentechnik Wimpernstyling mit\u00a0Megavolumen 2021 2021Schulungen Lash Lifting und Brow Lifting Grundlagen der Anatomie der Wimpern und Augenbrauen Wimpern und Augenbrauenwachstum Aufbau des Haares Wachstumszyklus der Wimpern und Augenbrauen Hygienisches Arbeiten Materialkunde 2022 2022UV Schulung zum Thema Volumentechnik Bei der Wimpernverl\u00e4ngerung mittels Volumentechnik werden nicht einzelne Wimpern an die Naturwimpern geklebt, wie bei der 1:1-Wimperntechnik, sondern gleich ganze Wimpernf\u00e4cher. Diese zarten F\u00e4cher werden zuvor individuell passend zur Kundin aus ultrafeinen Kunstwimpern zusammengestellt und dann jeweils an eine Naturwimper geklebt. Durch diese raffinierte Wimpernverdichtung erh\u00f6ht sich das Wimpernvolumen sehr deutlich und die Wimpern wirken sehr viel dichter und sch\u00f6ner. 2024 2024Perfektionstraining Dieses Training ist speziell darauf ausgelegt, die F\u00e4higkeiten in der Wimpernverl\u00e4ngerung zu perfektionieren und die Techniken zu verbessern.<\/p>\n","protected":false},"author":1,"featured_media":0,"parent":0,"menu_order":0,"comment_status":"closed","ping_status":"closed","template":"","meta":{"footnotes":""},"class_list":["post-17","page","type-page","status-publish","hentry"],"_links":{"self":[{"href":"https:\/\/beauty-blickfang.de\/index.php?rest_route=\/wp\/v2\/pages\/17","targetHints":{"allow":["GET"]}}],"collection":[{"href":"https:\/\/beauty-blickfang.de\/index.php?rest_route=\/wp\/v2\/pages"}],"about":[{"href":"https:\/\/beauty-blickfang.de\/index.php?rest_route=\/wp\/v2\/types\/page"}],"author":[{"embeddable":true,"href":"https:\/\/beauty-blickfang.de\/index.php?rest_route=\/wp\/v2\/users\/1"}],"replies":[{"embeddable":true,"href":"https:\/\/beauty-blickfang.de\/index.php?rest_route=%2Fwp%2Fv2%2Fcomments&post=17"}],"version-history":[{"count":122,"href":"https:\/\/beauty-blickfang.de\/index.php?rest_route=\/wp\/v2\/pages\/17\/revisions"}],"predecessor-version":[{"id":2643,"href":"https:\/\/beauty-blickfang.de\/index.php?rest_route=\/wp\/v2\/pages\/17\/revisions\/2643"}],"wp:attachment":[{"href":"https:\/\/beauty-blickfang.de\/index.php?rest_route=%2Fwp%2Fv2%2Fmedia&parent=17"}],"curies":[{"name":"wp","href":"https:\/\/api.w.org\/{rel}","templated":true}]}}